 = -m**3 - 9*m**2 + m + 12. Give i(-8).
-60
Let g(w) = 11*w**2 + 2*w + 1. Determine g(-1).
10
Let h(o) = o + 82. What is h(0)?
82
Let q(h) = 43*h**3 + h**2 - h. Give q(1).
43
Let k(v) = -3*v**2 + 30. Give k(3).
3
Let j(f) = -f**3 - 11*f**2 - 24*f + 38. Give j(-7).
10
Let m(d) = 5*d**2 - 35*d - 2. Give m(7).
-2
Let w(o) = 54*o + 218. Give w(-4).
2
Let y(f) = -f**3 - 2*f**2 + f + 105. What is y(0)?
105
Let t(x) = -2*x**2 + 23*x + 52. Calculate t(15).
-53
Let l(o) = -o**2 - 17*o + 21. Determine l(-17).
21
Let s(m) = -m**3 + 3*m**2 - 3*m + 9. Determine s(4).
-19
Let g(l) = -4*l**3 - 4*l - 3. Calculate g(-2).
37
Let z(y) = -y**2 + 3*y - 8. Give z(-4).
-36
Let q(p) = p**3 - 15*p**2 + 13*p + 12. Calculate q(14).
-2
Let r(h) = -h**2 - 9*h - 7. What is r(-9)?
-7
Let y(m) = 10*m + 4. Give y(-2).
-16
Let n(v) = v**2 - 2*v + 3. Calculate n(6).
27
Let z(s) = s**2 - 5*s + 8. Give z(6).
14
Let g(n) = 4*n - 14. Determine g(13).
38
Let i(q) = -3*q**2 - q + 1. Determine i(1).
-3
Let q(u) = u**3 + 9*u**2 - 19*u - 31. What is q(-11)?
-64
Let m(p) = p**2 + 8*p - 2. Give m(-5).
-17
Let t(s) = 6*s - 36. Determine t(11).
30
Let o(x) = x**2 + 6*x - 62. Give o(6).
10
Let m(s) = s**2 + s + 1. What is m(-4)?
13
Let j(w) = 20*w + 17. Calculate j(-5).
-83
Let a(c) = 8*c**2 - 1. Calculate a(-1).
7
Let a(g) = g**2 + g - 2. Calculate a(-3).
4
Let r(q) = 2*q**2 + 31*q + 124. Give r(-8).
4
Let k(s) = 38*s - 566. Determine k(15).
4
Let p(c) = 5*c + 20. Calculate p(7).
55
Let w(k) = -2*k**2 + 7*k + 55. Determine w(-4).
-5
Let m(q) = q**3 + 25*q**2 + 24*q - 2. Calculate m(-24).
-2
Let a(v) = -v**2 + 2*v + 3. Determine a(3).
0
Let a(h) = -h**3 + 2*h**2 + 6*h - 5. Determine a(4).
-13
Let c(k) = 2*k**3 + 34*k**2 + 24*k - 140. What is c(-16)?
-12
Let r(o) = o**2 - o + 14. Determine r(0).
14
Let p(t) = 2*t**2 - 22. Calculate p(0).
-22
Let t(l) = 2*l**2 - 110*l - 26. What is t(55)?
-26
Let y(x) = -2*x**2 + 4*x + 6. Calculate y(-2).
-10
Let h(q) = -8*q - 72. Calculate h(-10).
8
Let s(o) = 80*o**2 - 3*o + 3. Determine s(1).
80
Let i(q) = 12*q + 753. Calculate i(-63).
-3
Let m(n) = -n**2 + 11*n + 2. What is m(12)?
-10
Let d(c) = c**2 - c - 39. Determine d(-5).
-9
Let o(s) = -5*s + 7. Calculate o(10).
-43
Let y(t) = -2*t**2 + 12*t + 20. Give y(7).
6
Let g(u) = u**2 + 16*u - 11. Give g(-16).
-11
Let o(t) = -t**3 - 4*t**2 + 10*t - 7. Determine o(-6).
5
Let s(n) = n**3 - 10*n**2 - 18*n - 38. Determine s(12).
34
Let p(n) = -14*n - 159. Give p(-10).
-19
Let j(f) = -2*f**2 - 14*f - 24. Determine j(-5).
-4
Let n(w) = w**3 - 4*w**2 - 20*w + 92. Determine n(4).
12
Let x(q) = -q**2 + 5*q + 650. Calculate x(28).
6
Let y(p) = 2*p**3 - 6*p**2 - p - 3. Give y(3).
-6
Let a(k) = -4*k**3 - 3*k**2 - 2. What is a(-3)?
79
Let h(p) = p**2 + 17*p - 73. Calculate h(-21).
11
Let j(v) = 5*v. What is j(-3)?
-15
Let b(l) = l**3 - 41*l**2 - 128*l - 180. Calculate b(44).
-4
Let k(h) = -h**3 + 24*h**2 - 23*h + 6. Give k(23).
6
Let o(t) = -t**3 - 10*t**2 - 8*t - 5. Give o(-9).
-14
Let h(v) = 13*v + 638. Give h(-49).
1
Let k(p) = -2*p**3 - p**2 - 2*p + 2. Determine k(3).
-67
Let s(q) = 2*q**2 - 6*q - 82. Determine s(8).
-2
Let k(i) = -i + 9. Calculate k(15).
-6
Let n(g) = -13*g + 119. Give n(9).
2
Let f(o) = -o**2 + 2*o + 7. Calculate f(4).
-1
Let p(y) = -y**2 + 14*y + 3. Give p(7).
52
Let d(r) = 2*r - 13. Give d(0).
-13
Let l(y) = -2*y + 14. Determine l(6).
2
Let z(w) = 2*w**2 + 7*w - 124. Give z(6).
-10
Let o(d) = -d**2 + 9*d + 5. Give o(-3).
-31
Let z(i) = -i**2 - 12*i + 13. Determine z(-9).
40
Let k(j) = -2*j**3 + 51*j**2 + 24*j + 48. What is k(26)?
-4
Let a(l) = -l**2 + 6*l + 32. Give a(9).
5
Let u(p) = -8*p + 250. Give u(31).
2
Let z(d) = -86*d - 352. What is z(-4)?
-8
Let a(x) = 6*x**2 - 126*x - 6. Determine a(21).
-6
Let f(b) = -18*b**2 - 2*b + 2. Give f(-2).
-66
Let p(t) = -t**2 - 3*t - 9. Give p(-14).
-163
Let i(h) = -4*h + 2. Give i(6).
-22
Let w(v) = 2*v**3 - 56*v**2 - 2*v + 59. Calculate w(28).
3
Let q(n) = 6*n + 7. Determine q(-3).
-11
Let p(t) = -t**3 - 6*t**2 + 7. What is p(-5)?
-18
Let v(k) = -k**2 + 13*k + 2. What is v(12)?
14
Let z(d) = 2*d + 6. What is z(-3)?
0
Let f(v) = -8*v**3 - 2*v**2 + 2*v + 4. Calculate f(-1).
8
Let x(k) = k**3 + 66*k**2 - 2*k - 139. Determine x(-66).
-7
Let y(s) = -66*s**3 - s**2 + 1. Determine y(1).
-66
Let u(n) = 9*n**2 + n + 8. Give u(4).
156
Let p(c) = -c + 51. Calculate p(7).
44
Let y(p) = -34*p + 82. Determine y(2).
14
Let r(p) = -15*p - 3. Give r(5).
-78
Let d(f) = -2*f + 11. Determine d(8).
-5
Let g(d) = 39*d**2 - 2*d - 10. Determine g(-2).
150
Let c(f) = -f**3 + 4*f**2 + f + 15. Calculate c(5).
-5
Let j(v) = -5*v - 30. Determine j(-6).
0
Let y(i) = -2*i - 2. What is y(-7)?
12
Let m(t) = 100*t**2 + 1. Calculate m(-1).
101
Let y(m) = -62*m**2 + 2*m + 1. Give y(-1).
-63
Let o(k) = 17*k**2 + k + 7. Determine o(-3).
157
Let s(m) = -2*m**2 - 5*m. Give s(-4).
-12
Let d(w) = -4*w - 2. Give d(-11).
42
Let x(l) = -3*l**3 - l**2 + 2*l + 1. Give x(-1).
1
Let b(f) = f**3 - 3*f**2 - 3. Determine b(4).
13
Let a(r) = -r**3 - r**2 - 10*r - 29. Calculate a(-5).
121
Let q(s) = -s**3 + 18*s**2 + 27*s - 105. Give q(19).
47
Let m(k) = k**3 + 5*k**2 - 4*k - 13. Give m(-5).
7
Let h(k) = -12*k - 4. Determine h(-2).
20
Let p(i) = -i**3 - 31*i**2 - 57*i + 26. Determine p(-29).
-3
Let x(c) = -9*c - 3. Calculate x(5).
-48
Let w(s) = 2*s**2 + 2*s + 7. Give w(4).
47
Let l(a) = a**2 + 12*a - 12. Determine l(-13).
1
Let r(u) = -13*u - 36. Give r(-3).
3
Let l(t) = 2*t**2 + 4*t. Determine l(2).
16
Let r(o) = -10*o - 34. What is r(-3)?
-4
Let f(c) = c**3 + 7*c**2 + 10*c - 4. Give f(-5).
-4
Let h(g) = 9*g - 29. Determine h(7).
34
Let i(z) = 14*z + 86. Give i(-8).
-26
Let t(c) = -7*c - 75. Determine t(-12).
9
Let a(t) = t**2 - 33*t + 146. What is a(5)?
6
Let t(x) = 2*x**2 - 34*x + 33. Give t(16).
1
Let f(t) = -t**3 + 10*t**2 - 18*t + 5. Give f(8).
-11
Let v(w) = w**3 - 3*w**2 - w - 2. Give v(5).
43
Let u(w) = -w**3 - 2*w**2 + 7*w + 3. Give u(-4).
7
Let k(t) = t**3 - 3*t**2 + 3*t + 6. Give k(-4).
-118
Let q(c) = -5*c**2 + 229*c + 40. Determine q(46).
-6
Let t(i) = 16*i - 2. Give t(1).
14
Let l(g) = 3*g + 5. Calculate l(-5).
-10
Let y(u) = -u. Give y(15).
-15
Let o(l) = -l**3 + 2*l**2 + 9*l - 10. What is o(3)?
8
Let g(q) = -q**3 + 5*q**2 + 19*q + 45. What is g(8)?
5
Let p(b) = 34*b**2 + 2*b + 1. Determine p(-1).
33
Let c(i) = -4*i + 48. Determine c(9).
12
Let i(g) = -2*g + 22. Calculate i(7).
8
Let f(g) = -3*g + 28. Calculate f(0).
28
Let f(l) = -l**3 - 23*l**2 + 26*l + 52. Determine f(-24).
4
Let d(t) = 29*t + 429. Give d(-15).
-6
Let m(c) = c - 20. What is m(6)?
-14
Let y(z) = 2*z - 15. Give y(4).
-7
Let i(t) = -t**3 - 2*t**2 - 4*t - 2. Determine i(4).
-114
Let y(m) = 2*m - 29. What is y(12)?
-5
Let y(x) = -36*x + 250. Determine y(7).
-2
Let q(k) = -2*k**2 - 5*k - 3. What is q(-5)?
-28
Let o(c) = c**2 - 5*c - 141. What is o(-9)?
-15
Let s(x) = -x**3 - 12*x**2 + 16*x + 28. Calculate s(-13).
-11
Let k(j) = 5*j - 40. Give k(13).
25
Let x(r) = 2*r**3 - 7*r**2 + 3*r - 14. What is x(5)?
76
Let b(x) = x**3 - 2*x**2 + x - 1. What is b(2)?
1
Let k(b) = -b**2 + 3*b + 8. Determine k(-6).
-46
Let w(r) = 18*r**2 - 234*r - 11. Calculate w(13).
-11
Let u(j) = j**2 + 12*j - 2. What is u(-12)?
-2
Let a(t) = -t**3 + 8*t**2 + 14*t - 42. Determine a(9).
3
Let z(c) = -c**3 + 30*c**2 - 33*c + 117. Determine z(29).
1
Let r(v) = -3*v**3 + 2*v**2 - 2*v + 65. Determine r(0).
65
Let s(a) = -8*a**2 - 39*a + 12. Give s(-5).
7
Let o(i) = 2*i**3 + 22*i**2 + 18*i - 22. Give o(-10).
-2
Let v(o) = -o - 1. Calculate v(-2).
1
Let u(v) = v**3 + 10*v**2 - 15*v - 38. Determine u(-11).
6
Let r(b) = -b**3 - 6*b**2 - 3*b - 16. Calculate r(-6).
2
Let l(g) = 13*g + 80. What is l(-6)?
2
Let x(q) = -q**2 + 14*q - 29. Calculate x(12).
-5
Let y(n) = n**2 + 3*n - 186. Give y(12).
-6
Let r(b) = b**3 + 10*b**2 + 14*b - 19. What is r(-8)?
-3
Let q(f) = f**2 + 9*f + 2. Determine q(-9).
2
Let r(v) = -2*v**2 - 2*v + 5. Calculate r(0).
5
Let z(w) = -w**3 - 2*w**2 + 4*w - 2. Calculate z(-4).
14
Let a(u) = -u**2 - 9*u - 9. Give a(-7).
5
Let m(z) = -31*z - 285. Give m(-9).
-6
Let o(c) = 14*c - 1. Calculate o(4).
55
Let f(y) = 6*y**2 + 33*y - 6. Give f(-7).
57
Let y(u) = u**3 - 4*u**2 + 3*u. Determine y(2).
-2
Let s(n) = 8*n - 82. Determine s(10).
-2
Let r(o) =